 a multiple of 48?
False
Is 15615164 a multiple of 41?
False
Is 27 a factor of 596669678?
False
Is 239 a factor of 493665551?
False
Does 358 divide 5015467?
False
Does 8 divide 741128634?
False
Is 13810011 a multiple of 2?
False
Does 1435 divide 74263511?
False
Is 375010928 a multiple of 41?
True
Is 702 a factor of 1135329?
False
Is 6 a factor of 24056175?
False
Does 17 divide 75605354?
False
Is 32 a factor of 244898752?
True
Is 740 a factor of 60323361?
False
Is 767315 a multiple of 18?
False
Does 7 divide 40476908?
False
Is 921802464 a multiple of 2277?
True
Does 15 divide 435479850?
True
Is 151078778 a multiple of 72?
False
Does 1009 divide 58161787?
True
Is 31122180 a multiple of 444?
True
Is 288314404 a multiple of 696?
False
Is 98567638 a multiple of 26?
True
Does 1508 divide 152139250?
False
Is 990 a factor of 4366890?
True
Does 3 divide 21133343?
False
Is 4 a factor of 57567679?
False
Is 62010642 a multiple of 176?
False
Does 15 divide 688006485?
True
Is 3 a factor of 8346017?
False
Is 1334166836 a multiple of 4358?
True
Does 115 divide 54205399?
False
Does 9 divide 1002189888?
True
Is 887323337 a multiple of 87?
False
Is 3 a factor of 14798164?
False
Is 5520545 a multiple of 6?
False
Does 25 divide 86999050?
True
Does 292 divide 225315960?
True
Is 2545 a factor of 45682750?
True
Is 47967537 a multiple of 173?
True
Is 505235226 a multiple of 4?
False
Does 25 divide 325184?
False
Does 487 divide 8653503?
True
Is 1269289383 a multiple of 3908?
False
Is 43306024 a multiple of 1406?
False
Does 1170 divide 109550610?
True
Is 3446746326 a multiple of 61?
False
Is 3614316 a multiple of 9?
False
Is 8 a factor of 82360680?
True
Is 6041958 a multiple of 160?
False
Is 31 a factor of 5167917?
True
Is 28 a factor of 13099884?
True
Is 36220120 a multiple of 18?
False
Is 1054 a factor of 128082080?
True
Is 4362126326 a multiple of 2718?
False
Is 411 a factor of 137412096?
True
Is 91764280 a multiple of 11?
False
Is 1047543752 a multiple of 6206?
False
Does 709 divide 133388848?
False
Is 1244 a factor of 20200286?
False
Is 68826281 a multiple of 2047?
True
Is 350 a factor of 59894160?
False
Is 24 a factor of 74539464?
True
Is 677424998 a multiple of 115?
False
Is 64 a factor of 311963648?
True
Does 3508 divide 50115155?
False
Is 1542865140 a multiple of 295?
False
Does 25 divide 53104125?
True
Is 11318300 a multiple of 350?
True
Does 35 divide 74500300?
True
Is 129584961 a multiple of 297?
True
Does 66 divide 59521374?
True
Is 56564589 a multiple of 48?
False
Is 154 a factor of 418759572?
True
Is 21604038 a multiple of 1759?
True
Is 70 a factor of 1349418382?
False
Is 10 a factor of 112980080?
True
Does 23 divide 231007492?
True
Is 68296410 a multiple of 42?
True
Does 11 divide 18426263?
False
Is 285113712 a multiple of 5512?
True
Is 2117515 a multiple of 5?
True
Does 29 divide 29132762?
True
Does 17 divide 18633666?
True
Does 11 divide 3486923?
True
Is 31 a factor of 22972271?
True
Is 41 a factor of 686082807?
True
Does 475 divide 73695775?
True
Does 34 divide 2799312?
False
Does 68 divide 714077180?
True
Is 141651550 a multiple of 63?
False
Does 963 divide 230153699?
False
Is 859 a factor of 6540330?
False
Is 9 a factor of 312341880?
False
Does 22 divide 7469212302?
False
Is 68418884 a multiple of 1586?
False
Is 1412 a factor of 291786976?
True
Is 456270979 a multiple of 43?
True
Is 135 a factor of 634136337?
False
Is 4203361 a multiple of 2?
False
Does 9 divide 14630849?
False
Does 111 divide 4632067?
False
Does 62 divide 16598818?
False
Is 409130730 a multiple of 1422?
True
Is 78935175 a multiple of 9?
True
Is 3875904 a multiple of 72?
True
Does 726 divide 111139135?
False
Is 992224976 a multiple of 134?
True
Is 11 a factor of 21136457?
False
Does 292 divide 65254048?
False
Is 69889167 a multiple of 3?
True
Does 85 divide 51503213?
False
Does 15 divide 536452?
False
Is 74849746 a multiple of 1108?
False
Does 8 divide 393450259?
False
Is 244676757 a multiple of 39?
True
Is 38681176 a multiple of 16?
False
Is 417896883 a multiple of 14?
False
Is 12 a factor of 39425820?
True
Is 3 a factor of 55425749?
False
Is 14 a factor of 252312788?
True
Is 129193872 a multiple of 908?
True
Does 13 divide 260702737?
False
Is 8010278 a multiple of 6?
False
Is 23 a factor of 31621803?
True
Is 8660012 a multiple of 730?
False
Is 61613407 a multiple of 1560?
False
Is 63 a factor of 14053361?
False
Is 54 a factor of 229068?
True
Is 50794685 a multiple of 1535?
True
Is 148912179 a multiple of 68?
False
Does 5 divide 126559437?
False
Is 271 a factor of 27010186?
False
Is 18796164 a multiple of 12?
True
Does 28 divide 534900354?
False
Is 90 a factor of 23670720?
True
Does 7 divide 139200155?
False
Does 483 divide 73024770?
True
Is 76 a factor of 606770396?
True
Is 182739776 a multiple of 17?
False
Is 2163 a factor of 110414661?
True
Is 488206517 a multiple of 1616?
False
Does 28 divide 7908908?
True
Is 177 a factor of 77907966?
True
Is 34107700 a multiple of 7?
False
Is 8228450 a multiple of 50?
True
Is 2232 a factor of 713949840?
True
Is 852 a factor of 675107760?
True
Does 3126 divide 80700816?
True
Is 14916625 a multiple of 79?
False
Is 4297 a factor of 2790850082?
False
Does 3 divide 31082679?
True
Is 5 a factor of 1754846904?
False
Does 135 divide 329212215?
True
Is 3491 a factor of 264073204?
True
Is 1732299274 a multiple of 52?
False
Does 6 divide 351255152?
False
Is 5770708074 a multiple of 9870?
False
Does 9628 divide 2631226492?
True
Does 388 divide 76783331?
False
Does 227 divide 98659492?
False
Does 71 divide 157711413?
False
Does 12 divide 47904043?
False
Is 293 a factor of 32257468?
False
Does 148 divide 153131308?
True
Is 13 a factor of 98276774?
False
Is 270255706 a multiple of 31?
True
Is 171 a factor of 96598729?
False
Is 175 a factor of 27134275?
True
Is 84 a factor of 3612252?
True
Is 353 a factor of 445942511?
False
Is 14 a factor of 7132374?
False
Does 168 divide 178141488?
True
Does 1231 divide 42753861?
True
Does 513 divide 19549933?
False
Is 205 a factor of 1615960275?
False
Is 16 a factor of 9765890?
False
Does 7 divide 443662163?
True
Does 760 divide 13384360?
True
Is 317 a factor of 108205660?
False
Is 9 a factor of 49452194?
False
Is 98 a factor of 387943925?
False
Does 34 divide 76520502?
True
Is 105705983 a multiple of 17?
True
Is 9501404 a multiple of 161?
False
Is 17560528 a multiple of 33?
False
Is 11510397 a multiple of 780?
False
Is 462 a factor of 642431978?
False
Does 92 divide 2127958383?
False
Is 354933896 a multiple of 3071?
True
Is 84 a factor of 58710040?
False
Is 30260164 a multiple of 607?
True
Does 2822 divide 20160368?
True
Does 188 divide 28653835?
False
Does 86 divide 2336443488?
False
Does 1743 divide 38324400?
False
Does 20 divide 5950200?
True
Is 757091594 a multiple of 38?
True
Does 6 divide 980666526?
True
Does 98 divide 44077325?
False
Does 8 divide 19427241?
False
Is 153002040 a multiple of 8?
True
Is 1011612584 a multiple of 472?
True
Does 27 divide 74594601?
True
Is 228 a factor of 162744348?
True
Is 55945884 a multiple of 2994?
True
Does 18 divide 185949425?
False
Does 142 divide 321165092?
True
Does 321 divide 30970292?
False
Does 10 divide 124284073?
False
Is 31 a factor of 10408226?
False
Is 282339264 a multiple of 101?
False
Is 1593 a factor of 64991214?
True
Is 45444360 a multiple of 7?
False
Is 91147833 a multiple of 63?
True
Does 182 divide 78441794?
False
Does 2821 divide 87601247?
False
Is 12 a factor of 4197935784?
True
Does 4312 divide 2566963784?
True
Is 14122156 a multiple of 177?
False
Does 862 divide 46425554?
False
Is 504003617 a multiple of 403?
False
Is 172383848 a multiple of 214?
True
Does 28 divide 824340?
False
Is 4448645 a multiple of 32?
False
Is 187 a factor of 1973676053?
False
Does 1123 divide 44517676?
False
Does 32 divide 288503942?
False
Is 1369 a factor of 400462944?
False
Is 253162368 a multiple of 144?
True
Is 14 a factor of 5614406?
True
Does 3 divide 3481198?
False
Is 33 a factor of 40497105?
True
Does 220 divide 808914260?
True
Is 446890015 a multiple of 233?
False
Does 529 divide 41258826?
True
Does 241 divide 64140734?
False
Does 7 divide 476125832?
True
Is 78264576 a multiple of 1809?
True
Does 19 divide 950750291?
True
Is 1036159390 a multiple of 602?
True
Does 787 div